9. What is h(-3)?
18
Let s(x) = -334*x + 141. What is s(2)?
-527
Let b(j) = j**3 - 12*j**2 - 55*j + 185. Calculate b(13).
-361
Let p(j) = 2*j - 39. Determine p(4).
-31
Let g(w) = w**3 - 173*w**2 + 33*w - 5723. What is g(173)?
-14
Let o(f) = 18*f**3 - 2*f**2 + 6*f - 9. Give o(2).
139
Let h(n) = n**3 - 15*n**2 - 3*n + 42. Give h(15).
-3
Let f(n) = -73*n - 3996. Determine f(-55).
19
Let s(p) = p**3 + 12*p**2 - 17*p + 112. What is s(5)?
452
Let i(m) = -3*m**3 + 52*m**2 - 15*m + 288. What is i(17)?
322
Let m(y) = -2*y**3 + 10*y**2 - y - 49. What is m(6)?
-127
Let u(l) = -l**2 + 12*l + 60. Determine u(8).
92
Let s(p) = -4*p**2 - 8*p + 36. Give s(7).
-216
Let w(k) = -k**2 + 17*k - 96. Calculate w(7).
-26
Let k(b) = -b**3 + 12*b**2 - 12*b + 43. Calculate k(10).
123
Let p(i) = -i**3 - 4*i**2 + 188*i + 53. Determine p(12).
5
Let p(o) = o**3 - 9*o**2 - 133*o - 233. Determine p(-6).
25
Let b(w) = 191*w - 4930. What is b(26)?
36
Let z(h) = h**2 - 103*h + 1411. Determine z(16).
19
Let h(m) = m**2 - 35*m - 352. Determine h(43).
-8
Let a(k) = -4*k**2 - 284*k + 2820. Give a(9).
-60
Let g(n) = n**3 + 4*n**2 + 12*n + 16. Calculate g(-4).
-32
Let n(p) = -18*p**2 + 2288*p - 236. Give n(127).
18
Let m(w) = -199*w - 4984. What is m(-25)?
-9
Let z(o) = -o**3 - 15*o**2 + 23*o - 196. What is z(-17)?
-9
Let g(i) = -44*i - 221. Give g(-3).
-89
Let m(b) = -3*b**2 - 49*b - 197. Give m(-7).
-1
Let z(l) = l**3 + 217*l**2 - 407*l + 6792. Calculate z(-219).
3
Let g(p) = 70*p + 1832. What is g(-26)?
12
Let m(x) = -348*x - 308. Calculate m(-1).
40
Let o(x) = x**3 + 5*x**2 - 103*x + 15. What is o(-13)?
2
Let k(r) = r**2 - 144*r + 1271. Determine k(135).
56
Let q(f) = -f**3 + 17*f**2 - 52*f + 1222. Give q(18).
-38
Let o(g) = -10*g**3 + 5*g**2 - 6*g + 6. Give o(3).
-237
Let q(l) = -2*l**3 + 30*l**2 - 5*l + 73. Determine q(15).
-2
Let h(n) = 2*n**3 - 33*n**2 - 431*n + 155. What is h(25)?
5
Let r(d) = 2*d**3 + 197*d**2 + 103*d + 472. What is r(-98)?
-18
Let f(a) = -2*a**2 + 665*a - 32909. Calculate f(272).
3
Let d(f) = -f**2 + 87*f + 458. What is d(92)?
-2
Let g(u) = 4*u**2 + 90*u + 460. Determine g(-14).
-16
Let g(w) = -3*w**3 + 22*w**2 - 16*w - 39. Calculate g(6).
9
Let q(j) = 14*j**2 + 4*j. Determine q(3).
138
Let z(s) = s**2 - 41*s + 67. What is z(40)?
27
Let b(f) = f**3 - 8*f**2 - 38*f + 342. Determine b(6).
42
Let j(g) = -2*g**3 - 34*g**2 + 276*g. What is j(-23)?
0
Let a(z) = -2*z**2 + 563*z - 8967. Calculate a(17).
26
Let k(f) = -4*f**2 - 37*f - 41. What is k(-8)?
-1
Let g(d) = d**2 - 40*d - 1114. Calculate g(59).
7
Let m(h) = -8*h + 68. Give m(28).
-156
Let t(n) = -2*n**3 + 49*n**2 + 50*n + 72. Determine t(26).
-656
Let v(o) = o**3 - 9*o**2 - 61*o - 140. Give v(14).
-14
Let a(y) = -4*y**2 + 23*y + 93. Give a(-6).
-189
Let m(v) = 6*v**2 - 96*v + 370. Determine m(9).
-8
Let c(a) = -406*a - 7179. Give c(-18).
129
Let u(j) = j**2 + 527*j + 1053. Give u(-2).
3
Let b(v) = 4*v + 24. Give b(-8).
-8
Let g(x) = -4*x**2 + 56*x - 78. Give g(12).
18
Let d(u) = -171*u - 531. Determine d(-3).
-18
Let h(t) = 2*t**2 + 8*t + 48. Determine h(-10).
168
Let d(s) = -s**2 - 48*s - 581. Calculate d(-27).
-14
Let m(a) = -5*a**2 + 260*a + 800. Determine m(55).
-25
Let l(j) = -j**2 - 52*j + 3547. What is l(39)?
-2
Let u(o) = 80*o**2 - 2318*o - 65. Calculate u(29).
-7
Let z(o) = 148*o + 4292. Determine z(-29).
0
Let g(i) = -47*i - 670. Calculate g(-14).
-12
Let z(d) = 41*d + 1800. Give z(-41).
119
Let g(d) = -10*d + 298. Calculate g(13).
168
Let t(d) = 3*d**3 - 31*d**2 - 108*d + 51. Calculate t(13).
-1
Let z(h) = -962*h - 15412. Calculate z(-16).
-20
Let s(l) = 46*l + 619. What is s(-17)?
-163
Let f(m) = 4*m**3 + 39*m**2 - m + 114. What is f(-10)?
24
Let w(d) = d**2 - 50*d + 345. Determine w(41).
-24
Let x(m) = 12*m**2 + 316*m + 114. Determine x(-26).
10
Let p(z) = -2*z**3 - 131*z**2 + 60*z - 257. Determine p(-66).
139
Let s(w) = -2*w**2 - 34*w + 258. Give s(7).
-78
Let m(w) = w**3 - 100*w**2 + 14*w - 1394. Calculate m(100).
6
Let b(m) = m**3 - 6*m**2 + 2*m - 28. Determine b(6).
-16
Let d(p) = -153*p + 3516. Give d(23).
-3
Let f(d) = -d**3 - 16*d**2 - 5*d - 29. Determine f(-8).
-501
Let b(z) = -z**2 - 5*z + 3. Calculate b(-2).
9
Let x(a) = -a**3 + 17*a**2 - 141*a + 702. What is x(10)?
-8
Let c(a) = 10*a**2 - 788*a - 236. Calculate c(79).
-78
Let f(w) = 15*w - 120. Calculate f(1).
-105
Let d(j) = 306*j**2 - 7040*j + 41. Give d(23).
-5
Let k(j) = -72*j - 4010. Determine k(-55).
-50
Let h(w) = -w**3 + 57*w**2 - 215*w + 168. Give h(53).
9
Let u(j) = 6*j - 484. Give u(81).
2
Let j(u) = 325*u + 25269. Give j(-78).
-81
Let x(g) = -27*g + 4786. Calculate x(177).
7
Let l(y) = y**3 + 36*y**2 - 46*y + 89. What is l(-37)?
422
Let o(z) = -2*z**2 - 51*z - 154. Calculate o(-6).
80
Let i(w) = w**2 - 85*w + 1532. What is i(26)?
-2
Let c(a) = -a**2 + 237*a + 1742. Give c(-8).
-218
Let b(h) = 1250*h - 129994. Determine b(104).
6
Let g(o) = 124*o + 2722. Give g(-22).
-6
Let v(d) = 8*d**2 - 457*d - 127. What is v(58)?
279
Let u(l) = 3*l**2 - 162*l + 2146. What is u(23)?
7
Let g(m) = -m**3 + 16*m**2 - 21*m + 98. Calculate g(15).
8
Let d(w) = w**3 + 5*w**2 - 15*w - 31. Determine d(-8).
-103
Let v(p) = 52*p + 605. What is v(-12)?
-19
Let q(h) = -439*h - 4390. Calculate q(-10).
0
Let i(y) = y**2 - 14*y + 8. What is i(12)?
-16
Let t(o) = -29*o**2 - 432*o + 865. Calculate t(2).
-115
Let r(c) = -53*c + 6051. What is r(115)?
-44
Let q(j) = -2*j**2 + 72*j - 122. What is q(41)?
-532
Let p(m) = 9*m**2 + 77*m + 155. What is p(-5)?
-5
Let n(j) = 6*j**3 + 8*j**2 + 15*j + 39. Determine n(-2).
-7
Let g(j) = j + 187. Calculate g(-37).
150
Let y(c) = -c**3 - 14*c**2 - 29*c - 35. Determine y(-10).
-145
Let b(s) = -2*s**3 - 45*s**2 - 23*s - 1063. Determine b(-23).
-5
Let h(u) = -2118*u - 12702. Determine h(-6).
6
Let u(f) = 6*f**2 - f - 107. What is u(5)?
38
Let q(u) = -20*u + 332. Give q(16).
12
Let q(n) = 6*n**2 - 10*n + 2. Determine q(5).
102
Let v(s) = 50*s + 115. Give v(4).
315
Let m(f) = 172*f**3 - 2*f**2 - 38*f - 37. What is m(-1)?
-173
Let h(i) = -20*i - 437. Give h(-20).
-37
Let h(s) = -33*s + 2573. Calculate h(78).
-1
Let v(g) = 16*g**2 - 26*g - 51. Calculate v(-2).
65
Let v(x) = x**3 - 7*x**2 + 2*x - 83. Give v(8).
-3
Let s(p) = 149*p + 2551. Give s(-18).
-131
Let z(t) = t**3 - 16*t**2 - 342*t + 197. Give z(28).
29
Let w(c) = 187*c - 27. Determine w(1).
160
Let j(c) = 2*c**3 + 10*c**2 - 25*c - 60. Give j(-6).
18
Let k(x) = x**3 + 15*x**2 + 30*x - 85. What is k(-12)?
-13
Let u(s) = 3*s**2 + 58*s + 89. What is u(-18)?
17
Let c(b) = 8050*b + 112697. Determine c(-14).
-3
Let c(w) = 19*w + 506. Determine c(-26).
12
Let x(s) = 39*s**2 - 471*s + 49. Give x(12).
13
Let j(r) = -2*r**2 - 11*r - 18. What is j(-6)?
-24
Let j(c) = -144*c + 2155. Determine j(15).
-5
Let v(r) = 14*r**2 + 214*r + 28. Give v(-15).
-32
Let a(d) = d**3 - 27*d**2 - 173*d + 416. Give a(32).
0
Let d(m) = -4*m**2 + 290*m - 435. Give d(71).
-9
Let l(d) = 2*d**2 - 22*d + 11. Calculate l(10).
-9
Let x(v) = -v**3 - 55*v**2 + v + 51. Give x(-55).
-4
Let u(t) = 86*t + 48. Determine u(-1).
-38
Let k(t) = -128*t + 764. Determine k(6).
-4
Let g(c) = -2*c**2 - 14*c - 4. What is g(11)?
-400
Let t(l) = -2*l**2 + 569*l - 20175. What is t(243)?
-6
Let x(p) = -p**2 + 5995*p - 11991. Determine x(2).
-5
Let i(t) = t**3 + 74*t**2 + 70*t - 183. Determine i(-73).
36
Let r(f) = 7*f**2 + 354*f + 529. What is r(-49)?
-10
Let v(c) = -c**3 - 9*c**2 + 95*c + 385. Give v(-14).
35
Let b(z) = -22*z**2 + 190*z - 327. What is b(6)?
21
Let o(v) = v**3 - 38*v**2 + 289*v - 119. Give o(28).
133
Let a(n) = -97*n - 2012. Calculate a(-21).
25
Let t(x) = 1380*x + 15180. Give t(-11).
0
Let d(p) = -10*p - 250. Calculate d(-19).
-60
Let t(f) = f**2 + 24*f - 235. Give t(8).
21
Let p(y) = 4*y**2 + 87*y + 423. Determine p(-15).
18
Let o(g) = 84*g**2 + 768*g + 18. Determine o(-9).
-90
Let j(a) = -4*a**3 + a**2 + 1614*a + 1615. Give j(-1).
6
Let w(s) = -48*s + 527. What is w(10)?
47
Let x(j) = -j**3 + 5*j**2 + 13*j + 97. Determine x(0).
97
Let i(x) = 383*x - 1924. Determine i(5).
-9
Let y(g) = -g**2 + 2*g + 28. Calculate y(6).
4
Let q(u) = -3*u**2 - 85*u + 568. Give q(-33).
106
Let t(z) = -z**3 - 124*z**2 + 253*z + 137. Give t(-126).
11
Let b(k) = -2*k**2 + 62*k - 666. Calculate b(11).
-226
Let y(d) = 6*d**3 + 9*